8
600
What is -45a (base 15) in base 5?
-12420
Convert -1ba0 (base 16) to base 15.
-2167
-1046 (base 8) to base 4
-20212
What is -3770 (base 11) in base 16?
-1335
What is -a17 (base 11) in base 15?
-56d
-373 (base 10) to base 8
-565
Convert 1033 (base 6) to base 2.
11101101
What is -212033 (base 4) in base 5?
-34242
What is -271 (base 8) in base 9?
-225
Convert -10010100 (base 2) to base 8.
-224
Convert -11ba2 (base 12) to base 11.
-17183
-5365 (base 8) to base 2
-101011110101
-676d (base 14) to base 8
-43015
13024 (base 13) to base 6
430514
Convert 1122 (base 5) to base 7.
321
Convert d26 (base 14) to base 3.
10112122
Convert 26d5 (base 14) to base 8.
15303
4450 (base 6) to base 8
2016
What is 120034 (base 5) in base 6?
32202
11110011100 (base 2) to base 6
13004
Convert -2075a (base 11) to base 13.
-10988
59f2 (base 16) to base 7
124063
1b1 (base 14) to base 9
430
What is 2024 (base 7) in base 3?
222002
What is -687 (base 13) in base 6?
-5113
Convert -20002112 (base 3) to base 5.
-120232
5321 (base 6) to base 2
10010110001
What is 252 (base 16) in base 3?
211000
What is -501 (base 13) in base 12?
-5a6
What is 1555 (base 7) in base 10?
628
-11001001010 (base 2) to base 9
-2178
-337a (base 11) to base 12
-26a3
Convert -358 (base 10) to base 6.
-1354
-79b (base 12) to base 14
-5a7
-4534 (base 14) to base 13
-5603
5a78 (base 11) to base 7
32115
110342 (base 5) to base 3
12021111
Convert -286 (base 11) to base 10.
-336
What is 101011 (base 2) in base 10?
43
Convert 236 (base 16) to base 4.
20312
Convert 3061 (base 15) to base 8.
23750
Convert -360 (base 12) to base 8.
-770
76bd (base 14) to base 7
113626
What is 11211 (base 5) in base 13?
4a0
Convert -21126 (base 7) to base 9.
-7133
-2121 (base 10) to base 5
-31441
1110110111000110 (base 2) to base 4
32313012
Convert 737a (base 14) to base 11.
13a55
Convert 8650 (base 11) to base 15.
35be
Convert -32563 (base 8) to base 12.
-7b03
Convert -102302 (base 4) to base 12.
-842
-39d (base 14) to base 7
-2056
What is 61c (base 13) in base 15?
494
-36123 (base 7) to base 6
-111103
37 (base 11) to base 6
104
What is -7098 (base 10) in base 13?
-3300
What is 47238 (base 9) in base 3?
1121021022
What is 5ed (base 15) in base 6?
10124
Convert 113014 (base 5) to base 8.
10046
-214 (base 15) to base 6
-2101
Convert -643 (base 15) to base 3.
-1221100
What is -100001010111011 (base 2) in base 5?
-1021313
92 (base 15) to base 14
9b
366 (base 14) to base 9
833
-3054 (base 7) to base 8
-2054
-22121120 (base 4) to base 2
-1010011001011000
-10202 (base 5) to base 15
-302
-10414 (base 10) to base 9
-15251
What is -2dc (base 15) in base 7?
-1626
What is 168 (base 12) in base 10?
224
Convert -110231 (base 5) to base 13.
-1977
Convert 467 (base 11) to base 13.
33b
What is 52670 (base 8) in base 9?
33082
What is -7c1e (base 15) in base 11?
-18889
Convert 39 (base 14) to base 16.
33
What is 60 (base 10) in base 5?
220
What is -201200 (base 3) in base 15?
-256
Convert 3422 (base 7) to base 13.
746
Convert 22012 (base 5) to base 3.
2001211
What is 4cb0 (base 14) in base 12?
7976
What is -719 (base 11) in base 6?
-4003
Convert 120211 (base 5) to base 2.
1000101001111
What is 3c6 (base 16) in base 9?
1283
21323 (base 5) to base 14
767
Convert 135 (base 14) to base 15.
113
What is -211 (base 13) in base 5?
-2402
-5434 (base 6) to base 11
-a33
-2267 (base 12) to base 2
-111011101111
What is -2011422 (base 5) in base 15?
-97ac
-1614 (base 13) to base 15
-e53
Convert -13db (base 14) to base 15.
-10a0
What is -2169a (base 14) in base 3?
-11002221212
What is 1665 (base 8) in base 5?
12244
Convert 10211002021 (base 3) to base 2.
10010010110001100
-694 (base 14) to base 15
-5c1
-1000110010110001 (base 2) to base 16
-8cb1
Convert -32642 (base 7) to base 9.
-12235
Convert 203123 (base 5) to base 6.
50503
What is 110232 (base 4) in base 10?
1326
What is 613 (base 11) in base 16?
2e4
-231 (base 16) to base 8
-1061
Convert -103314 (base 5) to base 8.
-7000
What is -3031 (base 4) in base 14?
-109
-92 (base 13) to base 10
-119
Convert 2200010002 (base 3) to base 5.
3140241
2110220 (base 3) to base 7
5160
Convert c6 (base 16) to base 3.
21100
Convert -8e (base 15) to base 5.
-1014
136 (base 8) to base 5
334
-44102 (base 5) to base 4
-233103
What is 656 (base 10) in base 13?
3b6
-111222 (base 3) to base 10
-377
Convert -1100010011011 (base 2) to base 16.
-189b
What is 20020303 (base 4) in base 15?
9d21
Convert 100101 (base 2) to base 6.
101
What is -d58 (base 15) in base 2?
-101111000000
Convert -110222222 (base 3) to base 4.
-2110010
-43420 (base 6) to base 15
-1b93
-4790 (base 10) to base 16
-12b6
What is 150042 (base 6) in base 15?
4372
Convert -228e (base 15) to base 5.
-213314
266 (base 14) to base 3
122212
1004 (base 7) to base 2
101011011
Convert -2843 (base 13) to base 4.
-1122221
What is -1110000010 (base 2) in base 6?
-4054
30c (base 13) to base 9
636
362 (base 11) to base 15
1db
64332 (base 8) to base 7
141154
Convert -1201202 (base 4) to base 7.
-24125
32432 (base 6) to base 15
14de
Convert -21b (base 13) to base 6.
-1402
Convert -562 (base 10) to base 7.
-1432
12156 (base 8) to base 10
5230
What is d0 (base 16) in base 2?
11010000
What is -825 (base 9) in base 7?
-1646
Convert 10100100 (base 2) to base 12.
118
Convert -101 (base 8) to base 11.
-5a
What is 100231 (base 4) in base 7?
3055
-101011 (base 2) to base 4
-223
221021221 (base 3) to base 12
a807
-19ac (base 15) to base 7
-22134
-13613 (base 7) to base 2
-111010010110
Convert -51025 (base 6) to base 15.
-1ec8
56a (base 12) to base 11
66a
Convert -13805 (base 9) to base 11.
-7077
Convert 23273 (base 8) to base 11.
74a4
Convert 10077 (base 10) to base 15.
2ebc
314 (base 7) to base 5
1113
What is -a386 (base 11) in base 14?
-5035
Convert b7d7 (base 16) to base 14.
13219
What is 2621 (base 8) in base 2?
10110010001
Convert -b636 (base 14) to base 3.
-1121002021
What is 6904 (base 10) in base 15?
20a4
Convert 673 (base 8) to base 10.
443
12022021 (base 3) to base 2
111100011100
-6b78 (base 12) to base 7
-50054
Convert -60d8 (base 16) to base 12.
-12420
-fc6 (base 16) to base 3
-12112120
Convert 184 (base 15) to base 4.
11131
What is 62c9 (base 13) in base 16?
3575
Convert -39e9 (base 16) to base 10.
-14825
-8621 (base 15) to base 14
-a4b3
Convert 126047 (base 8) to base 9.
66407
What is -11010011011 (base 2) in base 4?
-122123
Convert 3342302 (base 5) to base 7.
334144
What is -312 (base 11) in base 4?
-11320
90d (base 15) to base 5
31123
Convert 8be (base 15) to base 8.
3673
What is c3ba (base 16) in base 3?
2112201210
What is -1300 (base 8) in base 2?
-1011000000
-1059 (base 10) to base 7
-3042
What is 1041 (base 16) in base 8?
10101
Convert -2993 (base 11) to base 16.
-f0d
What is 4a7 (base 11) in base 3?
211021
-1310 (base 5) to base 11
-177
What is 5b (base 15) in base 2?
1010110
-11a6a (base 11) to base 5
-1023013
312b7 (base 12) to base 9
107254
-467 (base 12) to base 7
-1624
Convert -3bd (base 15) to base 3.
-1011121
What is -21016 (base 7) in base 8?
-12046
-381 (base 10) to base 15
-1a6
a0 (base 11) to base 13
86
30330 (base 4) to base 8
1474
-3220 (base 4) to base 9
-277
1759 (base 11) to base 10
2242
What is -27633 (base 10) in base 16?
-6bf1
Convert -11352 (base 6) to base 9.
-2235
Convert 1021212 (base 3) to base 10.
941
-183 (base 14) to base 16
-137
What is -8285 (base 10) in base 5?
-231120
What is -143350 (base 6) in base 3?
-200212010
What is -23255 (base 8) in base 10?
-9901
What is 621 (base 10) in base 12?
439
2416 (base 9) to base 8
3405
What is 111001 (base 3) in base 16?
160
What is -b5 (base 14) in base 6?
-423
-30 (base 6) to base 14
-14
Convert -10000101100011 (base 2) to base 3.
-102201120
Convert -13102 (base 6) to base 4.
-132332
Convert -7547 (base 12) to base 5.
-402441
-b078 (base 14) to base 11
-20837
Convert 200514 (base 6) to base 2.
11110101111110
What is 2460 (base 10) in base 7?
10113
What is 2418 (base 9) in base 6?
12155
-1b1b (base 12) to base 4
-310013
Convert 10301111 (base 4) to base 8.
46125
Convert 1410 (base 5) to base 15.
105
Convert -159 (base 14) to base 8.
-423
What is 1000001112 (base 3) in base 10?
19724
What is -23250 (base 7) in base 8?
-13514
Convert -101001011 (base 2) to base 12.
-237
-8aab (base 13) to base 4
-102330